?
71
In base 9, what is 24440 + 3?
24443
In base 10, what is -13944 - 5?
-13949
In base 8, what is 537 - -1650?
2407
In base 9, what is 414 + -3700?
-3275
In base 15, what is 3 - ce3?
-ce0
In base 8, what is -11365 + 1110?
-10255
In base 5, what is 1032241011 + 0?
1032241011
In base 8, what is 2 - -7323?
7325
In base 9, what is 1733 + -3?
1730
In base 6, what is 1210315 - -13?
1210332
In base 14, what is 0 + 1bb6?
1bb6
In base 15, what is c3 + -e655?
-e582
In base 15, what is 1 - 2b0c9?
-2b0c8
In base 15, what is -308b + 3?
-3088
In base 8, what is 13633 + -473?
13140
In base 14, what is b1b - -182?
c9d
In base 14, what is 4 + 316740?
316744
In base 2, what is 1001 - 111111011011?
-111111010010
In base 11, what is 842312 - 2?
842310
In base 6, what is 31103 - -10?
31113
In base 4, what is 133221 + 203?
200030
In base 12, what is 138 - 455?
-319
In base 6, what is 1 - -4305?
4310
In base 5, what is -12114002 + 1?
-12114001
In base 4, what is -1001301 - 11231?
-1013132
In base 15, what is 39eea - -1?
39eeb
In base 8, what is -65673 + 4?
-65667
In base 8, what is -1 + -2373121?
-2373122
In base 13, what is 18cbb + 3?
18cc1
In base 3, what is -101110112111 + 2?
-101110112102
In base 9, what is 180 - 3?
176
In base 12, what is 1 - 8209?
-8208
In base 9, what is -3 + -21688?
-21702
In base 5, what is 2 - -10020241?
10020243
In base 5, what is -1122 - -101434?
100312
In base 3, what is -10022201 + -211?
-10100112
In base 3, what is -10 - -110101002?
110100222
In base 2, what is -111001001101110010 + 10?
-111001001101110000
In base 9, what is -170 - -3600?
3420
In base 9, what is 1 - 81648?
-81647
In base 2, what is -10 - 101111010001100111?
-101111010001101001
In base 3, what is -10000 - -11101010?
11021010
In base 8, what is -3 - 4547363?
-4547366
In base 6, what is -30122 - -2522?
-23200
In base 3, what is -11 + -2102210?
-2102221
In base 3, what is 21 - 1120001?
-1112210
In base 3, what is -1120 + -1101021112?
-1101100002
In base 11, what is -68 + -218?
-285
In base 3, what is 1 - -22222110020?
22222110021
In base 2, what is 11001011 - -1001101?
100011000
In base 8, what is -104556 + 36?
-104520
In base 3, what is 22210200 + -10?
22210120
In base 13, what is -5ca4 + 5?
-5c9c
In base 11, what is 49 - 2293?
-2245
In base 7, what is -13346 + 643?
-12403
In base 5, what is 1 - -2232340?
2232341
In base 14, what is 60 + -25c?
-1dc
In base 16, what is -308 - 10e?
-416
In base 4, what is -301123232 + 3?
-301123223
In base 12, what is 51 + 54?
a5
In base 10, what is 39407 + -10?
39397
In base 7, what is 612 + -3636?
-3024
In base 8, what is 1546 - -305?
2053
In base 3, what is -2120111 + 1211?
-2111200
In base 14, what is -b6 + -304?
-3ba
In base 2, what is 1110110100001110 + -10?
1110110100001100
In base 4, what is 0 + -120301312?
-120301312
In base 3, what is 12121 + -110100?
-20202
In base 8, what is 121132 - -2?
121134
In base 11, what is 14031 - 4?
14028
In base 3, what is -10101121 + 10012?
-10021102
In base 13, what is 0 - 6ba33?
-6ba33
In base 3, what is -2202122021 - 22?
-2202122120
In base 4, what is 32 + -222111311?
-222111213
In base 10, what is 91 + -158?
-67
In base 14, what is 154 + -15?
13d
In base 6, what is -23502 + -150?
-24052
In base 13, what is 12aa38 - -3?
12aa3b
In base 12, what is -187b + a?
-1871
In base 14, what is 480d - 4?
4809
In base 10, what is 5 - 1505676?
-1505671
In base 4, what is 223 - 2121?
-1232
In base 7, what is -6504250 + -2?
-6504252
In base 15, what is -15 - 6e4?
-709
In base 12, what is 3 + 4873?
4876
In base 2, what is -101 - -101110101?
101110000
In base 7, what is 3134632 + -2?
3134630
In base 12, what is 5 + -478?
-473
In base 9, what is -74714 - -1?
-74713
In base 7, what is 2532 - -30?
2562
In base 14, what is -2b41b - 3?
-2b420
In base 5, what is 3 - -312311?
312314
In base 2, what is 10 + 10001011001101111?
10001011001110001
In base 2, what is 1111 + 10011000011110?
10011000101101
In base 15, what is -55 + 2?
-53
In base 9, what is -608108 - -2?
-608106
In base 6, what is -2 + 1114101?
1114055
In base 5, what is -41204112 - 3?
-41204120
In base 2, what is 10101 + 10000010100011011?
10000010100110000
In base 11, what is 8 + 752?
75a
In base 7, what is -124 - 321?
-445
In base 7, what is -1 - -60454?
60453
In base 3, what is 100102122 - -11?
100102210
In base 15, what is 165cab - -4?
165cb0
In base 15, what is -4 - -7d2e?
7d2a
In base 12, what is -22 + -12934?
-12956
In base 9, what is 326060 + 4?
326064
In base 6, what is 1 - 200245?
-200244
In base 8, what is 211710 - 4?
211704
In base 12, what is -13 - -20376?
20363
In base 14, what is -53b + 0?
-53b
In base 5, what is 31 - -212113?
212144
In base 2, what is 0 - 11101101011001100000?
-11101101011001100000
In base 7, what is 15111120 - 1?
15111116
In base 9, what is -4 - -176053?
176048
In base 15, what is -21778 - 1?
-21779
In base 12, what is 375 - 44?
331
In base 10, what is 4626 + -12?
4614
In base 10, what is -107974 + -25?
-107999
In base 8, what is -6044457 - -1?
-6044456
In base 5, what is -4 - 1000130?
-1000134
In base 4, what is 11 - -1231323?
1232000
In base 13, what is -568 + -25?
-590
In base 4, what is -101 - -3120312?
3120211
In base 11, what is -496 - 172?
-658
In base 11, what is a6769 + 4?
a6772
In base 5, what is 13431 + 2022?
21003
In base 7, what is -3501 - -5332?
1531
In base 10, what is -1768 - 78?
-1846
In base 9, what is -4122 - -78?
-4033
In base 16, what is 2 - -2a17a?
2a17c
In base 13, what is -1b - 383a?
-3858
In base 10, what is 1 - 9654?
-9653
In base 12, what is 111 + 3a2?
4b3
In base 8, what is 60652 - 5?
60645
In base 8, what is 50107 - 146?
47741
In base 4, what is 112213 + 1031?
113310
In base 7, what is 1042 + 366?
1441
In base 7, what is 314 + -2126?
-1512
In base 3, what is -1101 + -11110012?
-11111120
In base 7, what is 15452311 + 3?
15452314
In base 13, what is -53cb - 26?
-5424
In base 12, what is 139 - 748?
-60b
In base 16, what is -8 + -1052?
-105a
In base 9, what is 7 + -1775?
-1767
In base 13, what is 5 + c2060?
c2065
In base 5, what is 4044342 - -11?
4044403
In base 7, what is -44141255 + 4?
-44141251
In base 9, what is -16 + -410?
-426
In base 7, what is -263 + 1126?
533
In base 3, what is 220 - -2122220?
2200210
In base 10, what is -101 - -468?
367
In base 3, what is 2020012221 + -2?
2020012212
In base 3, what is -12 + 221220121?
221220102
In base 4, what is -220332 - 112?
-221110
In base 3, what is -222202220 - -2221?
-222122222
In base 7, what is 354336 + -164?
354142
In base 12, what is 1 + -1ab97b?
-1ab97a
In base 7, what is -36 - 42640?
-43006
In base 3, what is -10 - 1102200211?
-1102200221
In base 3, what is 20210 - 100201?
-2221
In base 13, what is -209a - 12?
-20ac
In base 16, what is -31a - -3e?
-2dc
In base 8, what is 10 + 37363?
37373
In base 7, what is -3 + 4023542?
4023536
In base 11, what is 10 - 257?
-247
In base 13, what is 1c + -7bc9?
-7baa
In base 14, what is -c + -1c83?
-1c91
In base 15, what is -98 + -301?
-399
In base 4, what is 13030 + 22230?
101320
In base 2, what is -1100 + 11110111001110?
11110111000010
In base 16, what is 4a5 - -24?
4c9
In base 7, what is -20364 - -5?
-20356
In base 10, what is 36 + -11104?
-11068
In base 6, what is -1002500 - 145?
-1003045
In base 4, what is 11 - -10032230132?
10032230203
In base 6, what is -5021353 + 4?
-5021345
In base 9, what is -116 + 501?
374
In base 2, what is 111001111 + -11000011?
100001100
In base 5, what is -1 - 23411214?
-23411220
In base 3, what is -11000222000202 + 11?
-11000222000121
In base 9, what is -33 + 1800?
1756
In base 10, what is -1 - -16705?
16704
In base 3, what is -1212222 - -1112?
-1211110
In base 11, what is -26299a + -2?
-2629a1
In base 7, what is 63501 + 26?
63530
In base 9, what is 25 + 23661?
23686
In base 10, what is 5943 - -8?
5951
In base 7, what is 12 + -5030?
-5015
In base 3, what is 0 - -1211101110?
1211101110
In base 10, what is -1857 + 106?
-1751
In base 4, what is 3022 + -11330?
-2302
In base 4, what is -10 - 1132233?
-1132303
In base 16, what is -1bcc - -2?
-1bca
In base 14, what is -3154 - b?
-3161
In base 7, what is -1003324 - 5?
-1003332
In base 12, what is -2 + -5b904?
-5b906
In base 10, what is -3206 - 83?
-3289
In base 16, what is -69c + -79?
-715
In base 6, what is -1 + -110352?
-110353
In b